**4/4 + 8*x**3/3 - 9*x**2/2 + 5*x + 7. Let i be v(-9). Calculate the greatest common divisor of 30 and i.
5
Let v = -11 - -43. Let s be 4/((5 - 1)/8). What is the highest common factor of s and v?
8
Let l = -7 - -1. Let u be 2/9*l*-66. Let h = 52 - 44. Calculate the greatest common factor of h and u.
8
Suppose 4*f - f = -273. Let r be 14/f + (-1512)/(-26) - 3. Calculate the highest common divisor of 11 and r.
11
Let l(j) = -4*j**2 - 149*j - 84. Let n be l(-36). What is the highest common divisor of 1248 and n?
96
Let s be 4/(-6) - 13/3. Let t(z) = -3*z**2 - 7 + z**2 + 3*z**2. Let h be t(s). Calculate the greatest common factor of h and 27.
9
Suppose -4*p = 3*x - 19, p + 24 = 6*x - x. Let k = -8 - -12. Let y be 10/k*(15 + 7). Calculate the highest common divisor of x and y.
5
Let y(k) = 2*k**3 - 5*k**2 + 3. Let p be y(5). Let v = -8 + 13. Suppose q - v*q + p = -3*m, -16 = -4*m. Calculate the highest common factor of q and 14.
7
Let p = -145 + 180. What is the highest common divisor of 14 and p?
7
Let v(u) = u**3 + 6*u**2 - 5*u - 1. Let y be v(-7). Let w be y/75 - 9/5. Let z be (-1)/w - (-143)/22. Calculate the highest common factor of 7 and z.
7
Let v(c) = 878*c + 2. Let m be v(1). Suppose -m = -4*x - 7*x. Let y(q) = q**3 - 2*q**2 + 3*q + 2. Let j be y(3). What is the greatest common factor of j and x?
20
Let r(f) = -f**2 - 27*f - 9. Suppose -9 = 3*h + 54. Let q be r(h). Calculate the highest common factor of q and 13.
13
Let o = 19 - 44. Let h be (o - 1)*(20/(-8))/5. Calculate the highest common factor of h and 65.
13
Let t(w) = -32*w - 92. Let d be t(-4). Suppose 4*x - 153 = -3*g, -x + 2*g + 30 = -0. Calculate the greatest common factor of d and x.
36
Let z = -189 + 205. Calculate the highest common factor of z and 96.
16
Let p = -12 + 31. Let j = -30 + 47. Let h = p - j. Calculate the greatest common factor of h and 22.
2
Let v(h) = 110*h**2 + 3*h - 2. Suppose -4*r + 5*q - 3*q = -8, -4*q - 13 = -5*r. Let n be v(r). What is the highest common divisor of 37 and n?
37
Suppose -15 - 1 = -4*z. Let m be ((-4)/(-5))/z + 4720/25. Calculate the greatest common divisor of m and 21.
21
Let b(x) = x + 33 + 9 + 4 + 59. Let v be b(0). Let n be ((-8)/(-10))/(6/v). Calculate the greatest common divisor of n and 70.
14
Let p be -1*(21 + 0 + -4). Let k = 1 - p. Suppose 2 = v - 0. What is the greatest common factor of k and v?
2
Let n = -39 - -42. Let p be (n/(-1) + 1)*2/(-4). What is the highest common factor of p and 2?
1
Let i(j) = 5*j**2 - 3*j + 3. Suppose -3*h + 3 + 3 = 0. Let a be i(h). Suppose -5*u = -4*u - a. What is the greatest common factor of u and 17?
17
Suppose o = -o + 6, -5*t + 3*o + 81 = 0. Let f(r) = r - 17. Let i be f(t). What is the greatest common divisor of 4 and i?
1
Let y be 12/16*(2 + 3 + 3). Suppose -2*l = l - y. Suppose 10 = -m + 3*m. What is the greatest common factor of m and l?
1
Let m(o) = o**3 + 7*o**2 + 4*o + 19. Let y be m(-5). What is the highest common factor of 14 and y?
7
Let f be 0 + 5/((-5)/(-9)). What is the highest common divisor of f and 21?
3
Let w = -9 + -3. Let o = 20 + w. Suppose 4*q = -b + 323 - 32, -4*b = -12. Calculate the greatest common divisor of q and o.
8
Let d = -5 - -23. Suppose 5*l = 3*v - 44, l = v - 4*l - d. What is the greatest common divisor of v and 65?
13
Let j(b) = 2*b**3 - 3*b**2 + 2*b - 2. Let l be j(2). Let o = -19 + 61. Calculate the highest common divisor of o and l.
6
Let g(r) be the third derivative of -r**4/24 + 4*r**3/3 + 4*r**2. Let p be g(-4). What is the greatest common divisor of 84 and p?
12
Let q = 49 - -69. Calculate the greatest common divisor of q and 59.
59
Suppose 22320 = 19*a + 29*a. Calculate the greatest common divisor of 651 and a.
93
Let h = -111 + 165. What is the highest common divisor of 81 and h?
27
Suppose 5*z - 1024 = -124. Let q = 4005 + -3985. What is the greatest common factor of z and q?
20
Let y = 37 - 61. Let m = y + 34. What is the greatest common factor of m and 2?
2
Let j(b) = -b**2 + 6*b + 1. Let q be j(5). Suppose -8*k + q*k = -42. Calculate the greatest common factor of k and 14.
7
Let c(z) = z**3 - 4*z**2 + 3*z + 23. Let l be c(4). Calculate the greatest common factor of 665 and l.
35
Suppose -4*a + 176 - 48 = 0. Let u be a - 15/(10/(-2)). Suppose -5*g + 30 = 3*k - 2*g, 3*k - 2*g = 50. Calculate the greatest common factor of k and u.
7
Let l(g) = g**3 - 5*g**2 - 3*g + 19. Let j be 6 - (3 - (0 + 1 + 2)). Let f be l(j). Calculate the greatest common factor of f and 74.
37
Suppose -5*n + 5*d = -70, -2*n - 4*d = -0*n - 22. Let a(z) = -z**3 + 19*z**2 - 7*z + 23. Let i be a(18). Calculate the highest common divisor of i and n.
13
Let n(i) = 6*i - 82. Let a be n(15). Calculate the highest common factor of a and 40.
8
Let g(u) = -8*u + 5 - u**2 - 5*u - 4 - 3*u. Let d be g(-12). Calculate the greatest common divisor of 147 and d.
49
Suppose -62 - 10 = -12*l. Calculate the highest common factor of 48 and l.
6
Suppose 0*y = 15*y - 300. What is the greatest common factor of 360 and y?
20
Let m = 0 + 10. Let z be (-795)/m*40/(-6). What is the highest common divisor of 53 and z?
53
Let v(h) = -h - 9. Let w(f) = -f. Let m(b) = v(b) + 6*w(b). Let i be m(-4). Calculate the greatest common factor of i and 133.
19
Let j be (-14)/4*(-11)/((-22)/(-28)). Calculate the greatest common divisor of j and 14.
7
Let n = 17202 - 17165. Let d be (-111)/(-2)*(-14)/(-3). What is the greatest common divisor of d and n?
37
Let u be (162/30)/((-3)/(-30)). Calculate the greatest common factor of 702 and u.
54
Let d(i) = -3*i**2 - 36*i - 48. Let p be d(-8). Let w = 11 + -5. What is the highest common factor of p and w?
6
Let z be ((-1)/(-1))/(-2 + 85/42). What is the highest common factor of z and 714?
42
Let f = 669 - 237. Calculate the highest common divisor of f and 96.
48
Let x be 1/(-2) - 3706/(-68). Calculate the greatest common factor of 66 and x.
6
Let u be -1 + (-195)/(-6) + 1/2. What is the highest common factor of u and 288?
32
Let h(t) be the third derivative of t**6/120 + t**4/24 + 110*t**3/3 + 26*t**2. Let a be h(0). What is the highest common divisor of 20 and a?
20
Let a(w) = -w + 3. Let s be a(3). Let i(y) = 7 + s*y - 2*y + 3*y + 0*y. Let p be i(-6). Calculate the greatest common divisor of p and 7.
1
Let f = -873 - -594. Let n = f - -405. Calculate the highest common factor of 14 and n.
14
Let x be ((-1)/2)/(5/(-60)). Let g = -1361 + 1415. Calculate the greatest common factor of g and x.
6
Let f be -3*(-2 - -4 - 31). Calculate the highest common divisor of 116 and f.
29
Let d(m) be the first derivative of -1/3*m**3 + 0*m**2 + m + 3 + 1/4*m**4. Let q be d(2). Calculate the greatest common divisor of q and 20.
5
Let t(i) = -i**3 - 2*i**2 - 10*i + 84. Let d be t(0). Calculate the highest common factor of d and 12.
12
Let n = 12 + -1. Suppose 2*f - 55 = -n. Suppose 0 = -7*o + 5*o + f. Calculate the greatest common factor of 44 and o.
11
Let h = 0 + -2. Let o = 4 + h. Suppose 2*s - 12 = 0, -356*a = -354*a - 5*s + 28. Calculate the highest common factor of a and o.
1
Suppose 3598*y - 3604*y = -108. What is the highest common factor of y and 228?
6
Let c be 4 + 46 + -7 + -5 + 1. What is the highest common divisor of 3081 and c?
39
Let a = 504 - 450. Calculate the highest common divisor of 702 and a.
54
Suppose 5*v + 4*p + 70 = 0, 5*v + 0*p = 5*p - 25. Let o = v - -17. Calculate the highest common divisor of 56 and o.
7
Suppose -4*z = -4*v + 36, 0*v - 21 = -2*v + 3*z. What is the highest common divisor of v and 15?
3
Let l be (((-128)/40)/(-8))/((-2)/(-30)). What is the highest common divisor of l and 612?
6
Let n = -27 + 31. Suppose -n*b + 4*p + 160 = 0, 0*b - 75 = -2*b - 3*p. Let c = b - 25. What is the highest common factor of c and 21?
7
Let b = -60 - -29. Let w be 2/(((-4)/b)/2). What is the highest common factor of 31 and w?
31
Let j be -6 + (-7*33)/(-7). Suppose 5*b - 16 = -1. Calculate the highest common divisor of b and j.
3
Let w = 4 - 0. Suppose -8 = g - w*f + 7, -4*g + f = 0. Let r be g/(-2) + 146/4. What is the greatest common factor of r and 18?
18
Let m be 271/3*(-3 + 15). Suppose -4*l = -m - 76. Suppose 4*u - l = 5*b, -65 = -u - 3*b - 1. Calculate the greatest common divisor of 10 and u.
10
Suppose 3*f = 2*b + 122, 2*f - 45*b - 81 = -44*b. Suppose -2*s + a + 